{"id":142,"date":"2021-01-06T09:06:44","date_gmt":"2021-01-06T08:06:44","guid":{"rendered":"http:\/\/apolyobio.fr\/?page_id=142"},"modified":"2023-02-06T15:37:03","modified_gmt":"2023-02-06T14:37:03","slug":"nos-interventions","status":"publish","type":"page","link":"https:\/\/apolyobio.fr\/index.php\/nos-interventions\/","title":{"rendered":"NOS APPLICATIONS"},"content":{"rendered":"\n<figure class=\"wp-block-image size-large\"><img loading=\"lazy\" decoding=\"async\" width=\"1024\" height=\"205\" src=\"https:\/\/apolyobio.fr\/wp-content\/uploads\/2021\/02\/image-4-1024x205.png\" alt=\"\" class=\"wp-image-369\" srcset=\"https:\/\/apolyobio.fr\/wp-content\/uploads\/2021\/02\/image-4-1024x205.png 1024w, https:\/\/apolyobio.fr\/wp-content\/uploads\/2021\/02\/image-4-300x60.png 300w, https:\/\/apolyobio.fr\/wp-content\/uploads\/2021\/02\/image-4-768x154.png 768w, https:\/\/apolyobio.fr\/wp-content\/uploads\/2021\/02\/image-4-1536x308.png 1536w, https:\/\/apolyobio.fr\/wp-content\/uploads\/2021\/02\/image-4.png 1828w\" sizes=\"auto, (max-width: 1024px) 100vw, 1024px\" \/><\/figure>\n\n\n\n<p class=\"has-text-align-center\"><strong>Quelques exemples :<\/strong><\/p>\n\n\n\n<p><strong>-D\u00e9pollutions in SITU des sols pollu\u00e9s aux hydrocarbures et certains m\u00e9taux lourds, des terres et des eaux<\/strong> <strong>a\u00e9riennes et sous terraines .<\/strong><\/p>\n\n\n\n<p><strong>-Traitements des boues r\u00e9siduelles charg\u00e9es en hydrocarbures.<\/strong><\/p>\n\n\n\n<p><strong>-Nettoyages et d\u00e9graissages des cuves, bacs \u00e0 graisses<\/strong>.<\/p>\n\n\n\n<p><strong>-Nettoyages industriels, sols et machines outils.<\/strong><\/p>\n\n\n\n<p><strong>-Nettoyages automobiles int\u00e9rieurs et ext\u00e9rieurs<\/strong>.<\/p>\n\n\n\n<p><strong>-Nettoyages des armes<\/strong> <strong>et des blind\u00e9s militaires<\/strong>.<\/p>\n\n\n\n<p><strong>-Nettoyages des trains et des lignes de chemin de fer<\/strong> <strong>(rail, ballast)<\/strong>.<\/p>\n\n\n\n<p><strong>-D\u00e9grisement du bois<\/strong><\/p>\n\n\n\n<p><strong>-Lutte contre les incendies.<\/strong><\/p>\n\n\n\n<figure class=\"wp-block-image size-full is-resized\"><img loading=\"lazy\" decoding=\"async\" src=\"https:\/\/apolyobio.fr\/wp-content\/uploads\/2023\/02\/divers-nettoyage-2.jpg\" alt=\"\" class=\"wp-image-508\" width=\"920\" height=\"431\" srcset=\"https:\/\/apolyobio.fr\/wp-content\/uploads\/2023\/02\/divers-nettoyage-2.jpg 904w, https:\/\/apolyobio.fr\/wp-content\/uploads\/2023\/02\/divers-nettoyage-2-300x141.jpg 300w, https:\/\/apolyobio.fr\/wp-content\/uploads\/2023\/02\/divers-nettoyage-2-768x360.jpg 768w, https:\/\/apolyobio.fr\/wp-content\/uploads\/2023\/02\/divers-nettoyage-2-128x60.jpg 128w\" sizes=\"auto, (max-width: 920px) 100vw, 920px\" \/><\/figure>\n\n\n\n<p class=\"has-text-align-left\"><strong>Sant\u00e9, Nettoyage\/Propret\u00e9, Industrie<\/strong><\/p>\n\n\n\n<p class=\"has-text-align-left\">Le m\u00e9canisme d\u2019action est identique pour toutes les applications, mais pour optimiser certaines potentialit\u00e9s des produits LMF, des excipients sp\u00e9cifiques sont ajout\u00e9s qui garantissent \u00e0 la fois haute efficacit\u00e9 sanitaire et fort pouvoir nettoyant. Les caract\u00e9ristiques chimiques et physiques, simples mais efficaces et l\u2019excellente biod\u00e9gradabilit\u00e9 du LMF, le rendent particuli\u00e8rement indiqu\u00e9 pour les environnements de travail.<br>Ainsi, au del\u00e0 de la d\u00e9pollution des sols et des eaux, nous proposons des solutions dans plusieurs domaines d&rsquo;activit\u00e9: installations p\u00e9troli\u00e8res, assainissement, nettoyage industriel et r\u00e9sidentiel, alimentaire, nettoyage et \u00e9limination des odeurs dans le m\u00e9dical, le pharmaceutique, la cosm\u00e9tique, applications dans le secteur nautique et le traitement de la fibre r\u00e9sine, traitement des b\u00e2tis, traitements fongicides, \u00e9limination des graffs et des encres, \u00e9limination de l\u2019eau hygroscopique&#8230;<\/p>\n\n\n\n<p class=\"has-text-align-left\">Sans oublier le secteur agricole (traitements pour la viticulture et l&rsquo;arboriculture) car nos produits sont \u00e9co compatibles, caract\u00e9ris\u00e9s par un impact environnemental quasi nul.<br><strong>BIOD\u00c9GRADABILIT\u00c9 &gt; 98%.<\/strong><br><strong>NON TOXIQUE, NON BIOCIDE et SANS SOLVANTS<\/strong><br><br><\/p>\n","protected":false},"excerpt":{"rendered":"<p>Quelques exemples : -D\u00e9pollutions in SITU des sols pollu\u00e9s aux hydrocarbures et certains m\u00e9taux lourds, des terres et des eaux a\u00e9riennes et sous terraines . -Traitements des boues r\u00e9siduelles charg\u00e9es en hydrocarbures. -Nettoyages et d\u00e9graissages des cuves, bacs \u00e0 graisses. -Nettoyages industriels, sols et machines outils. -Nettoyages automobiles int\u00e9rieurs et ext\u00e9rieurs. -Nettoyages des armes et &hellip; <\/p>\n","protected":false},"author":1,"featured_media":0,"parent":0,"menu_order":0,"comment_status":"closed","ping_status":"closed","template":"","meta":{"_monsterinsights_skip_tracking":false,"_monsterinsights_sitenote_active":false,"_monsterinsights_sitenote_note":"","_monsterinsights_sitenote_category":0,"footnotes":""},"class_list":["post-142","page","type-page","status-publish","hentry"],"_links":{"self":[{"href":"https:\/\/apolyobio.fr\/index.php\/wp-json\/wp\/v2\/pages\/142","targetHints":{"allow":["GET"]}}],"collection":[{"href":"https:\/\/apolyobio.fr\/index.php\/wp-json\/wp\/v2\/pages"}],"about":[{"href":"https:\/\/apolyobio.fr\/index.php\/wp-json\/wp\/v2\/types\/page"}],"author":[{"embeddable":true,"href":"https:\/\/apolyobio.fr\/index.php\/wp-json\/wp\/v2\/users\/1"}],"replies":[{"embeddable":true,"href":"https:\/\/apolyobio.fr\/index.php\/wp-json\/wp\/v2\/comments?post=142"}],"version-history":[{"count":17,"href":"https:\/\/apolyobio.fr\/index.php\/wp-json\/wp\/v2\/pages\/142\/revisions"}],"predecessor-version":[{"id":548,"href":"https:\/\/apolyobio.fr\/index.php\/wp-json\/wp\/v2\/pages\/142\/revisions\/548"}],"wp:attachment":[{"href":"https:\/\/apolyobio.fr\/index.php\/wp-json\/wp\/v2\/media?parent=142"}],"curies":[{"name":"wp","href":"https:\/\/api.w.org\/{rel}","templated":true}]}}