{"id":254,"date":"2021-01-06T17:55:40","date_gmt":"2021-01-06T16:55:40","guid":{"rendered":"http:\/\/apolyobio.fr\/?page_id=254"},"modified":"2023-02-06T15:35:50","modified_gmt":"2023-02-06T14:35:50","slug":"accueil","status":"publish","type":"page","link":"https:\/\/apolyobio.fr\/","title":{"rendered":"BIENVENUE DANS LE MONDE VERT"},"content":{"rendered":"\n<div class=\"wp-block-group\"><div class=\"wp-block-group__inner-container is-layout-constrained wp-block-group-is-layout-constrained\">\n<div class=\"wp-block-columns is-layout-flex wp-container-core-columns-is-layout-9d6595d7 wp-block-columns-is-layout-flex\">\n<div class=\"wp-block-column is-layout-flow wp-block-column-is-layout-flow\" style=\"flex-basis:100%\">\n<div class=\"wp-block-group\"><div class=\"wp-block-group__inner-container is-layout-flow wp-block-group-is-layout-flow\">\n<figure class=\"wp-block-gallery has-nested-images columns-default is-cropped wp-block-gallery-1 is-layout-flex wp-block-gallery-is-layout-flex\">\n<figure class=\"wp-block-image size-full\"><img loading=\"lazy\" decoding=\"async\" width=\"800\" height=\"501\" data-id=\"469\" src=\"https:\/\/apolyobio.fr\/wp-content\/uploads\/2023\/01\/Sans-titre6.png\" alt=\"\" class=\"wp-image-469\" srcset=\"https:\/\/apolyobio.fr\/wp-content\/uploads\/2023\/01\/Sans-titre6.png 800w, https:\/\/apolyobio.fr\/wp-content\/uploads\/2023\/01\/Sans-titre6-300x188.png 300w, https:\/\/apolyobio.fr\/wp-content\/uploads\/2023\/01\/Sans-titre6-768x481.png 768w, https:\/\/apolyobio.fr\/wp-content\/uploads\/2023\/01\/Sans-titre6-96x60.png 96w\" sizes=\"auto, (max-width: 800px) 100vw, 800px\" \/><figcaption class=\"wp-element-caption\">biologie mol\u00e9culaire<\/figcaption><\/figure>\n<\/figure>\n<\/div><\/div>\n<\/div>\n<\/div>\n<\/div><\/div>\n\n\n\n<p class=\"has-text-align-left\">APOLYO BIO commercialise et assure la mise en \u0153uvre des solutions LMF ( pour Liquid Molecular Fragmentor), efficaces pour diverses applications, en particulier : la d\u00e9pollution des terrains ou des eaux pollu\u00e9s, &nbsp;le lavage industriel, l&rsquo;\u00e9limination des odeurs et des gaz, les traitements fongicides\u2026 <\/p>\n\n\n\n<p class=\"has-text-align-left\"><strong>Notre c\u0153ur de m\u00e9tier: assainir votre terrain pour mieux le valoriser, d\u00e9polluer les eaux, les berges ou les quais<\/strong>.<\/p>\n\n\n\n<p>Comme la plupart des pays industrialis\u00e9s, la France h\u00e9rite d&rsquo;un long pass\u00e9 industriel durant lequel les pr\u00e9occupations environnementales n&rsquo;existaient pas, ce qui explique la pr\u00e9sence de nombreux sites \u00e0 d\u00e9polluer.<br>La question environnementale est aujourd&rsquo;hui centrale et les pouvoirs publics conduisent des politiques visant le traitement des pollutions en mariant incitations et obligations. Aux contraintes r\u00e9glementaires s\u2019ajoutent des opportunit\u00e9s financi\u00e8res : la d\u00e9pollution permet de valoriser des terrains jusqu\u2019alors inaptes \u00e0 toute utilisation.<\/p>\n\n\n\n<p><strong>Notre LMF agit comme un d\u00e9sint\u00e9grateur de la chaine mol\u00e9culaire carbon\u00e9e<\/strong>, permettant aux bact\u00e9ries autochtones et, le cas \u00e9ch\u00e9ant, \u00e0 celles \u00e9lev\u00e9es par nos ing\u00e9nieurs en fonction de la pollution analys\u00e9e de p\u00e9n\u00e9trer dans la mol\u00e9cule du polluant afin de la dig\u00e9rer. <strong>Non biocide, le proc\u00e9d\u00e9 acc\u00e9l\u00e8re un processus compl\u00e8tement naturel. Le LMF est donc enti\u00e8rement BIO.<\/strong> <strong>Et son utilisation pr\u00e9sente bien d&rsquo;autres avantages en termes \u00e9conomiques et environnementaux.<\/strong><\/p>\n\n\n\n<p><strong>N&rsquo;h\u00e9sitez pas \u00e0 nous contacter pour plus d&rsquo;informations.<\/strong><\/p>\n","protected":false},"excerpt":{"rendered":"<p>APOLYO BIO commercialise et assure la mise en \u0153uvre des solutions LMF ( pour Liquid Molecular Fragmentor), efficaces pour diverses applications, en particulier : la d\u00e9pollution des terrains ou des eaux pollu\u00e9s, &nbsp;le lavage industriel, l&rsquo;\u00e9limination des odeurs et des gaz, les traitements fongicides\u2026 Notre c\u0153ur de m\u00e9tier: assainir votre terrain pour mieux le valoriser, &hellip; <\/p>\n","protected":false},"author":1,"featured_media":0,"parent":0,"menu_order":0,"comment_status":"closed","ping_status":"closed","template":"","meta":{"_monsterinsights_skip_tracking":false,"_monsterinsights_sitenote_active":false,"_monsterinsights_sitenote_note":"","_monsterinsights_sitenote_category":0,"footnotes":""},"class_list":["post-254","page","type-page","status-publish","hentry"],"_links":{"self":[{"href":"https:\/\/apolyobio.fr\/index.php\/wp-json\/wp\/v2\/pages\/254","targetHints":{"allow":["GET"]}}],"collection":[{"href":"https:\/\/apolyobio.fr\/index.php\/wp-json\/wp\/v2\/pages"}],"about":[{"href":"https:\/\/apolyobio.fr\/index.php\/wp-json\/wp\/v2\/types\/page"}],"author":[{"embeddable":true,"href":"https:\/\/apolyobio.fr\/index.php\/wp-json\/wp\/v2\/users\/1"}],"replies":[{"embeddable":true,"href":"https:\/\/apolyobio.fr\/index.php\/wp-json\/wp\/v2\/comments?post=254"}],"version-history":[{"count":32,"href":"https:\/\/apolyobio.fr\/index.php\/wp-json\/wp\/v2\/pages\/254\/revisions"}],"predecessor-version":[{"id":541,"href":"https:\/\/apolyobio.fr\/index.php\/wp-json\/wp\/v2\/pages\/254\/revisions\/541"}],"wp:attachment":[{"href":"https:\/\/apolyobio.fr\/index.php\/wp-json\/wp\/v2\/media?parent=254"}],"curies":[{"name":"wp","href":"https:\/\/api.w.org\/{rel}","templated":true}]}}